t j(n) = 9*p(n) - 2*t(n). Calculate j(8).
-16
Let c be 2/8 + (-59)/(-4). Suppose -2*n + c = n. Let l(f) = f**3 + 4*f**2 - 6*f. Let d(s) = 2*s**3 + 3*s**2 - 7*s. Let j(h) = -2*d(h) + 3*l(h). Calculate j(n).
5
Let m(g) = -g**2 - 4*g + 5. Let n(t) = -11*t - 115. Let o be n(-10). Give m(o).
0
Let b(u) = -389 - 6*u + 777 - 384. Determine b(-2).
16
Let o(n) be the third derivative of -n**4/4 + 43*n**3/6 + 566*n**2. Calculate o(6).
7
Suppose -99*m + 44 = -103*m. Let t(s) = -2*s - 2. Calculate t(m).
20
Let x(y) = y**2 - 2*y - 2. Suppose -52 + 18 = -17*m. What is x(m)?
-2
Let l(u) = 0 + 1 + u + 0*u. Suppose p + 1 = 4*i, 7 = -0*p + p + 4*i. Let a be -2 - (1 + p + -6). Give l(a).
1
Let j(u) = -u**2 - u + 1. Let o(h) = 3*h - 3. Let s(b) = -5*j(b) - 2*o(b). What is s(1)?
5
Let o(t) = t**2 + 13*t - 25. Let n be o(-15). Let i = n - 10. Let p(a) = -a**3 - 3*a**2 + 6*a - 1. Calculate p(i).
19
Let f(j) be the first derivative of 1 - 1/60*j**5 + 0*j**2 + 1/8*j**4 + 0*j + 1/3*j**3. Let n(y) be the third derivative of f(y). Give n(2).
-1
Let p(g) be the first derivative of -g**5/120 - g**4/6 + 8*g**3/3 + 4. Let m(q) be the third derivative of p(q). Give m(-7).
3
Let k(b) be the third derivative of 0*b - 3/40*b**5 - 11*b**2 - 1/360*b**6 + 0 + 1/3*b**3 - 1/3*b**4. Let m(n) be the first derivative of k(n). Calculate m(-7).
6
Suppose -4*x + 10 - 4 = r, 5*x = -3*r + 4. Let g(f) = -5*f - f**2 + 2*f - 2*f - x + 2*f**2. Let h(o) = o - 1. Let s be h(5). Determine g(s).
-6
Let v(y) = 9 + 0*y**2 - 22 + 3 + y + y**2 + 9. Determine v(-2).
1
Let k(t) = t**3 + 2*t**2 - 3*t - 1. Let r be k(-2). Let f(i) = -4*i - r + 4*i - i**2 - i + 3. Suppose m - 2*o = 0, -3*m + o + 4 = 9. What is f(m)?
-4
Let v(x) = -15*x + 2. Suppose -37*n + 70 = -2*n. Give v(n).
-28
Suppose -4 = -3*v + 5. Let h(x) = -2*x**2 - x**v + 3*x + 4 - 3*x. Determine h(-3).
13
Let f(r) = r**3 - 15*r**2 + 14*r + 4. Let k be f(14). Let v(g) = -6 + 5*g**2 - k - 10*g - 6*g**2. Determine v(-9).
-1
Let d(k) = 287 - k**2 - k - 125 - 161 + 12*k**3. What is d(1)?
11
Suppose -7*u + a + 22 = -2*u, -12 = -3*u + a. Let f(g) = -g**2 + g. Let o(z) = -z**3 + 12*z**2 - 11*z - 7. Let k(b) = 6*f(b) + o(b). Give k(u).
-7
Let x(d) = d + 0*d + 9*d - 13*d - 7. What is x(-4)?
5
Let v(t) = -t**2 - t. Let l(f) = -1. Let x(r) = 3*l(r) - v(r). Calculate x(-2).
-1
Let y be 2 - (4 - (6 + 2)). Let c = -4 - -6. Let h(l) = 2 + 2*l - 3*l - l**3 + 6*l**c + 3. Calculate h(y).
-1
Suppose 2*l - 4*t + 4 = -l, -3*l + 5*t = 5. Let c(p) = p - 6*p + 6*p - 6 + l*p. Determine c(6).
0
Let y(p) = 7*p + 0*p + 2 - 5*p - 1. Give y(-5).
-9
Let y(f) = -f**2 + 15*f - 24. Let b be 2200/168 - (-8)/(-84). Give y(b).
2
Let g = -10 - -3. Let x be (5 + -4 - 3)/(2/8). Let v = x - g. Let l(s) = -2*s**3 - 2*s - 1. Calculate l(v).
3
Let k(p) = -2*p**3 + 49*p**2 - 26*p + 50. Let l be k(24). Let n(d) be the second derivative of 1/2*d**3 + 2*d - 5/2*d**l - 1/12*d**4 + 0. What is n(4)?
-9
Let d(m) = -4*m. Suppose -66*p = -63 - 135. What is d(p)?
-12
Let p(v) = v**3 + 2 - v + 0*v**3 + 359*v**2 - 365*v**2. What is p(6)?
-4
Let o(m) be the second derivative of m**4/4 + 7*m**3/6 + 11*m**2/2 + 224*m. What is o(-2)?
9
Let m(q) = 7*q**2 - 1. Let p(f) = 40*f**2 + 13*f - 12. Let s(n) = -6*m(n) + p(n). Determine s(7).
-13
Let j be (4/10)/((-1)/(-5)). Let d(i) = -2*i + i + j*i - 3*i + 4. Let z = -489 + 492. Calculate d(z).
-2
Let a = -227 - -215. Let b(m) = -m**2 - 11*m + 3. Calculate b(a).
-9
Let d(o) be the first derivative of o**4/24 - o**3/2 - 5*o**2/2 + 6. Let t(r) be the second derivative of d(r). Give t(-6).
-9
Let p(y) = y**2 + 3. Let o(k) = -k**2 + 4*k. Let g(u) = -o(u) - 2*p(u). Determine g(-4).
-6
Let d(q) = -3 - 5 + 2 + q**2 + 7*q. Let w be d(-8). Let n(p) = -p**w + 4*p + 3*p**3 - 2 - 2*p**2 + 0*p - p**2. Give n(2).
14
Let f(l) = 10*l**2 - 1. Let n be (-6 - -3)/(9/(-15)). Suppose 5*c + 2 + 3 = -n*h, -5*h + 2*c = -9. Give f(h).
9
Let j = -1 - -5. Let v(m) = -29*m. Let c(f) = -39*f. Let o(z) = 3*c(z) - 4*v(z). Determine o(j).
-4
Let s = 1 + 1. Let p(l) = -l**2 + 4*l + 2. Let t(q) = -q**2 + 3*q + 2. Let h(r) = 2*p(r) - 3*t(r). Let m be h(s). Let b(n) = n**3 + n**2 - n + 8. Give b(m).
8
Let b(v) = 258*v - 131*v - 128*v + 24. Calculate b(18).
6
Suppose 3*c + 5 = -4. Let v(s) = -216 - 7*s**3 + 217 + 2*s - 2*s**2 + 6*s**3. Determine v(c).
4
Let f = -43 + 45. Suppose f = k - 3*y, 0*y + 3*y = -5*k + 28. Let a(s) = -s**3 + 6*s**2 - 6*s + 2. Determine a(k).
-3
Suppose 0 = 4*y + 5*s + 1, 2*s - 3*s = 2*y - 7. Let g be y*(46/12 - 3). Let k(c) = c**3 - 3*c**2 - 6*c + 2. Give k(g).
22
Let l be 6 + -1 - (1 + -1). Let g(s) = l + 2 + 1 + 7*s + s**2. Calculate g(-7).
8
Let r be (-9 + 1)*14/(-28). Let l(i) = 4*i + 2*i**3 - 5*i - i - 2 + r - 4*i**2. Let y = -3 + 6. Determine l(y).
14
Suppose 3*g + 9 = -3*t, g + 4*g - 65 = 5*t. Let b(y) = -3*y - 19. Let u be b(t). Let z(i) = i**2 - 6*i + 3. Determine z(u).
-2
Let v be (7 - 5)*(2 - 0). Let x(k) = -2*k**2 - 2*k**2 + 4*k + v - k**3 + k. Give x(-5).
4
Let n(y) be the third derivative of -y**4/24 + y**3/2 - 6*y**2. Suppose -2*w + 18 = q, -w = w - 8. Let d be (-4)/q - (-34)/10. What is n(d)?
0
Let h(n) = n - 20. Suppose -3*x + 2*c = -113 + 46, 3*c + 91 = 4*x. Give h(x).
-1
Suppose 5 = -v + 1. Let m(i) = 2*i - 3. Let w(o) = 3*o - 10. Let b(z) = 3*z - 11. Let q(h) = -5*b(h) + 6*w(h). Let s(n) = 7*m(n) - 5*q(n). What is s(v)?
8
Let q(v) be the third derivative of v**4/8 + v**3/2 + 146*v**2. Let y be (-42)/8 + 2/8. What is q(y)?
-12
Let n be 2 + 2 - (-18)/63*7. Let d(t) be the second derivative of -t**5/20 + 5*t**4/12 + 7*t**3/6 - 5*t**2/2 + t. Calculate d(n).
1
Let f(g) = -2610*g + 2611*g - 1 + 4*g**2 + 2*g**3 + 1. Give f(-3).
-21
Let n(y) = 3*y**2 + 10*y + 6. Let u(v) = 4*v**2 + 11*v + 7. Let k(a) = -5*n(a) + 4*u(a). What is k(6)?
-2
Let r(q) = -3*q - 3 + 0*q + 8*q. Let u = -478 + 480. Calculate r(u).
7
Let k(i) = i**2 + 6*i - 4. Let a = -78 - -100. Suppose -3*t = -2*r + a - 6, 5*t + 34 = -4*r. What is k(t)?
-4
Let h(m) = m**2 + m + 1. Let s be h(-2). Suppose o = -s*k + 14, -2*k + 2*o = 2 + 2. Let c(w) = 166 - 166 + k*w. Calculate c(3).
9
Let d(u) = -6 + 5*u + 2*u + 1 - u**2. Suppose 5*g - 2*r - 6 = 0, -4*r = -5*g + 6*g - 10. Suppose 23 = 5*p - g. Calculate d(p).
5
Suppose 0*t - 8 = 3*t - v, 0 = 3*v - 15. Let j(d) = -d. Let p(g) = g + 2. Let k(c) = t*p(c) - 2*j(c). Give k(6).
4
Let c(s) be the third derivative of 1/24*s**4 + 1/30*s**5 + 0*s + 0 + 1/6*s**3 - 23*s**2 - 1/120*s**6. What is c(3)?
-5
Suppose 2*r + 2 = -0*r. Let p(t) = t**2 + 7*t + 7. Let o(n) = n**2 + n + 1. Let s(d) = r*p(d) + 2*o(d). Suppose -13 = 40*v - 253. Give s(v).
1
Let v(i) = 4*i - 7*i**3 - 7*i**3 + 1 + 15*i**3 + 0*i**2 + 4*i**2. Calculate v(-3).
-2
Let b(o) = 17*o**2 + 5*o - 1. Let v(x) = 45*x**2 + 14*x - 2. Let l(c) = -8*b(c) + 3*v(c). Give l(-1).
-1
Let b = -222 + 316. Let w(r) = -3 - b*r - 1 + 96*r. Give w(8).
12
Let q = 0 + 0. Suppose -j - 6 = 2*j, 0 = -2*u + 3*j + 12. Let f(w) = 65*w + 7 - 65*w - w**u + w**2. What is f(q)?
7
Suppose -2*z + 3*q = 4*q - 7, 5*q + 20 = z. Let n(r) = r**2 - 9*r - 1. Calculate n(z).
-21
Let u(q) = q**2 + 5*q - 2. Let k(f) = 5 - 4 + 2*f**3 - f**3 - 5*f + 6. Let j be k(-3). Give u(j).
-2
Let f(h) = 13*h - 26. Let m(s) = -56*s + 108. Let b(o) = 26*f(o) + 6*m(o). Determine b(11).
-6
Let m(i) be the third derivative of i**4/24 + 13*i**3/3 - 128*i**2 + 3. Give m(-19).
7
Let h be 0 - 3 - (-15)/(-1). Let k = -13 - h. Suppose -10 = 5*j - k. Let z(s) = -2*s**3 - s**2 + s + 1. Calculate z(j).
1
Suppose 2*s - h = 3*h - 10, 3*s - h = 5. Let a(r) = 3 - 2 - r - s + 3. Suppose 2*x - 6 = 2*y, -15 = 5*y + 4*x + x. Determine a(y).
4
Let p(c) = c**3 - 2*c**2 + 3*c. Suppose 0 = w + w - 20. Let l be (-46)/w + 4/(-10). Let s = l + 7. Calculate p(s).
6
Suppose -2*z - 176 = -34. Let o = 64 - z. Let q be ((-4)/5)/((-18)/o). Let w(n) = -n - 3. Calculate w(q).
-9
Suppose -4*i = 5*h - 22, -3*i - 5 = 1. Let k = -3 - -6. Suppose 0 = 2*u - s - h, -2*u = -3*u + 2*s + k. Let a(p) = p**3 - p**2 - p - 4. Calculate a(u).
11
Let a(i) = -2*i. Suppose -s + 30 = 4*s. Let r be s/4 + 6/(-12). Let v be (r/2)/((-7)/14). Give a(v).
2
Let b(d) = 6*d**2 + 2*d - 3. Let l be b(1). Suppose 3*n = -l*w - 45, w + 7*n + 26 = 3*n. Let a(v) = v + 10. Calculate a(w).
4
Let d(i) = -i - 12. Let p = 162 - 179. What